= 1911 - 1910. What is the highest common divisor of c and 163?
1
Let c(h) = -h**2 - 8*h + 9. Let t be c(-8). What is the highest common divisor of t and 2439?
9
Let u = -17 + 21. Let m = 6 + u. What is the highest common divisor of 90 and m?
10
Let o = 184 - 75. Let i(t) = -11*t + 7. Let k be i(7). Let j = o + k. Calculate the highest common factor of 26 and j.
13
Let t be (-104)/(-7) - (-293)/2051. Suppose 0 = 4*a - 2*a - 150. What is the greatest common divisor of t and a?
15
Let h be (1 - (-99)/6)*(-4 + 12). Let y = h + -78. What is the highest common factor of y and 496?
62
Let u(d) = 2*d - 6. Let x be 10/((-2)/(-4)*-4)*-1. Let y be u(x). Let n = 25 + -15. Calculate the greatest common divisor of y and n.
2
Let y(n) be the third derivative of n**6/24 + n**4/8 - n**3/6 - n**2. Let u be y(2). Suppose 1953 + 117 = 69*r. Calculate the greatest common factor of r and u.
15
Suppose 4*s = 1 + 59. Let b be ((-54)/s)/((-6)/15). What is the greatest common divisor of 99 and b?
9
Suppose -b + 280 - 25 = -3*p, -4*p = -4*b + 1012. Calculate the greatest common divisor of b and 21.
21
Let t(y) = y + 35. Let h be t(1). Let s(g) = 2*g**3 - 6*g**2 - g - 5. Let q be s(5). What is the greatest common divisor of h and q?
18
Let w(y) = -30*y + 489. Let b be w(12). What is the greatest common divisor of b and 559?
43
Let v be 1 + 1 + 53/(-5 - -6). What is the greatest common divisor of v and 25?
5
Let b = -1163 + 1191. Calculate the greatest common divisor of b and 826.
14
Suppose 2*l - 2*g = 44, 3*l - 6*l + 2*g = -70. Calculate the greatest common divisor of 338 and l.
26
Let v(q) = q + 6. Let m be v(11). Suppose 43 + m = 5*c. What is the greatest common factor of 12 and c?
12
Let k(w) = -w**2 + 33*w + 27. Let m be k(33). What is the greatest common factor of m and 63?
9
Let r(a) = a + 5. Let n be r(-9). Let x be 11/3 - n/12. Let k be 460/36 - x/(-18). Calculate the greatest common factor of k and 65.
13
Let g(a) = a**2 - 10*a + 8. Let d be g(8). Let n be d/(-6) + (-208)/(-6). Calculate the highest common factor of n and 90.
18
Let b = 372 - -102. Calculate the greatest common factor of b and 790.
158
Let j = 514 - 457. Calculate the greatest common divisor of 171 and j.
57
Let r(d) = d**3 + 19*d**2 + d + 52. Let z be r(-19). Calculate the highest common factor of z and 473.
11
Let q be 9/((-4)/16 - (-34)/40). What is the highest common divisor of 85 and q?
5
Let c be (23/(-2))/((-8)/16). Calculate the greatest common divisor of 253 and c.
23
Suppose -8*n + 306 - 98 = 0. Calculate the greatest common factor of 1391 and n.
13
Suppose -3*d - 5*w = -96 - 13, 2*w = -d + 38. Let a be (-10 - -8)*(-3 - 1). What is the greatest common divisor of a and d?
4
Suppose -25*u + 22*u + 63 = 0. Let d = -26 + u. Let p(q) = -4*q - 10. Let i be p(d). Calculate the greatest common divisor of i and 5.
5
Let o be (-20)/(-5) - 7 - -6. Suppose -o*v = -9*v + 198. What is the highest common divisor of v and 3?
3
Let w = 53 + -8. Let v = -1040 - -1055. Calculate the highest common divisor of w and v.
15
Let n = -6 + 8. Let t = -9 - -10. Suppose -b = -2*b + t. What is the greatest common divisor of n and b?
1
Let i(y) = -y + 13. Let v(n) = -6*n - 4. Let s be v(-2). Let b be 129/(-12) + (-2)/s. Let x be i(b). What is the greatest common divisor of x and 96?
24
Suppose 4*v + 5*b - 110 = 0, b + 2*b - 6 = 0. What is the greatest common divisor of 625 and v?
25
Let l be ((-14)/4 + 0)*1584/(-924). Suppose 2*q - 36 = q. What is the highest common divisor of q and l?
6
Let v = -298 + 343. What is the highest common divisor of v and 99?
9
Suppose -4*p = -12 + 4. Let i be (-6)/(-1 - p - -1). Suppose i*z = z + 140. Calculate the greatest common divisor of z and 14.
14
Let f = 401 + -206. Calculate the greatest common divisor of f and 39.
39
Let k = 10 + -5. Suppose 2*f + 5*y = -4 - 3, -k*y + 17 = -2*f. Let m be f*2*(-1)/2. Calculate the highest common factor of 42 and m.
6
Let v(a) = -a - 2. Let c be v(0). Let g = 7 - c. Suppose -5*r + 3*n + 15 = 0, 4 = -2*r - 5*n + 10. What is the greatest common factor of r and g?
3
Let f(s) = 37*s + 487. Let x be f(-11). What is the highest common factor of x and 96?
16
Let t = 3 - -6. Suppose 0 = -2*c - 5*s + 27, 2*s + 3*s = c + t. Suppose -v - 3*p = -45, 1 = 5*p + c. Calculate the greatest common factor of 6 and v.
6
Let m be (250 - 3)/(0 + 1). Calculate the highest common divisor of m and 13.
13
Let p be -15 + 13 + 2/4*42. What is the highest common factor of p and 38?
19
Let b(x) = 3*x + 8. Let a be b(1). Suppose 16*k - 605 = a*k. Calculate the highest common factor of 11 and k.
11
Let a(q) = -13*q + 11. Let x be a(-4). Let v = x + -51. What is the greatest common divisor of v and 30?
6
Let j(g) be the third derivative of -23*g**4/8 - g**2. Let o be j(-1). Suppose o + 96 = 3*b. What is the highest common divisor of 22 and b?
11
Let n = 1385 + -1383. What is the highest common factor of n and 82?
2
Let b = -84 + 84. Suppose 5*a + b - 40 = 0. What is the highest common factor of a and 1?
1
Suppose 0 = -12*y - 22*y + 238. Calculate the highest common divisor of 3 and y.
1
Suppose -106 = -z + 4*v, -10 + 352 = 3*z - 4*v. What is the highest common factor of 59 and z?
59
Suppose 0 = -16*c + 18*c + 2. Let t = 10 - -4. Let g be (2 - 1 - c)*t. Calculate the greatest common divisor of 7 and g.
7
Let u be (-6)/(-21) + (-26)/(-7). Suppose 77 = u*a + 13. Let j be ((-992)/(-310))/((-2)/(-10)). Calculate the greatest common divisor of a and j.
16
Let a = -7 + 10. Suppose 0 = -l + a*l. Suppose 0*k - 5*k + x + 36 = l, 3*k = -x + 28. Calculate the greatest common divisor of 1 and k.
1
Let q(d) = -d**2 - 27*d - 95. Let y be q(-15). What is the highest common factor of y and 17?
17
Suppose 0 = -20*s + 226 + 494. Calculate the highest common divisor of s and 18.
18
Let x be (22/(-3))/((-14)/(-147)). Let r = x - -203. Let l be (-4)/10 + 144/10. Calculate the highest common divisor of l and r.
14
Suppose -20*n + 6783 + 20077 = 0. What is the greatest common factor of n and 17?
17
Let m(i) = -10*i - 2. Let s be m(-5). Let q = 65 - 62. Suppose q*b = 5*o + 82, 4*b + 2*o - 130 = -38. What is the greatest common factor of s and b?
24
Let u(v) = v**3 + v**2 + v - 20. Let q be u(0). Let w = 2 - q. Let l be (2 + 1 + 2)*(-440)/(-100). What is the greatest common divisor of l and w?
22
Let z = -1 - 1. Suppose -7*t = -3*t - 48. Let c be (-1 - (3 + z)) + t. Calculate the greatest common factor of c and 4.
2
Let j(k) = -17*k**2 + 5*k + 2. Let r be j(2). Let l = r - -67. Calculate the highest common divisor of 99 and l.
11
Suppose -3*o = -5*i - 90, -4*o - 7*i + 120 = -3*i. Let r(y) = 9*y**2 + y - 3. Let c be r(-3). What is the greatest common factor of c and o?
15
Suppose 0 = -2*x - 3*b + 951, 0*b - 2*b = -2*x + 966. Let t = x + -7. What is the highest common factor of 43 and t?
43
Suppose -5*c + 8 - 126 = x, 0 = 5*c - x + 122. Let d = c + 35. Let t = -75 + 119. What is the greatest common factor of t and d?
11
Let u(t) = -7*t + 66. Let c be u(9). What is the highest common factor of 3 and c?
3
Suppose -2*h + 42 = h. Let s(w) = -5*w + 4. Let y be s(0). Suppose -4*z + 0*k + y*k = -68, 3*z = -2*k + 71. Calculate the greatest common factor of h and z.
7
Suppose -192 = 10*t + 6*t. Let v be (-12)/(-9) - -2*(-4)/t. Calculate the greatest common divisor of v and 14.
2
Let a(c) = 3*c**2 + 36*c + 139. Let g be a(-15). What is the highest common factor of 2 and g?
2
Let n = 277 + -241. What is the greatest common divisor of n and 96?
12
Let i = 242 + -152. What is the greatest common factor of 18 and i?
18
Let z be 4/8*-34*(-2)/1. Suppose -o + 16 = k - 21, -o - 65 = -2*k. Calculate the greatest common divisor of k and z.
34
Suppose 279 + 381 = 6*v. Let c = 205 - v. Calculate the highest common factor of 38 and c.
19
Let n(x) = 8*x**2 - 11*x + 26. Let r be n(3). What is the greatest common factor of 13 and r?
13
Let m = 4 + -9. Let g = 10 + m. Suppose -2*w + 507 + 5 = g*q, 4*q + 3*w = 404. Calculate the greatest common divisor of q and 13.
13
Suppose -3*u = 3*w - 5*u - 17, 4*u = w - 19. Suppose 3*c = 2*v - 18 + 96, 3*c - w*v - 81 = 0. Calculate the highest common divisor of c and 120.
24
Let x(k) = 49*k - 6 + 0 - 12. Let p be x(8). What is the highest common divisor of 34 and p?
34
Let z = 983 - 821